{"id":7598,"date":"2020-12-02T14:35:24","date_gmt":"2020-12-02T13:35:24","guid":{"rendered":"http:\/\/bibliotheque.cegepgarneau.ca\/?page_id=7598"},"modified":"2021-08-11T19:35:27","modified_gmt":"2021-08-11T18:35:27","slug":"1-preparer","status":"publish","type":"page","link":"https:\/\/bibliotheque.cegepgarneau.ca\/index.php\/accueil\/comment-chercher\/1-preparer\/","title":{"rendered":"1 &#8211; Pr\u00e9parer sa recherche"},"content":{"rendered":"\r\n<p><img loading=\"lazy\" decoding=\"async\" class=\"alignnone size-full wp-image-7713\" src=\"https:\/\/bibliotheque.cegepgarneau.ca\/wp-content\/uploads\/2020\/12\/Preparer-sa-recherche-1.png\" alt=\"\" width=\"980\" height=\"180\" srcset=\"https:\/\/bibliotheque.cegepgarneau.ca\/wp-content\/uploads\/2020\/12\/Preparer-sa-recherche-1.png 980w, https:\/\/bibliotheque.cegepgarneau.ca\/wp-content\/uploads\/2020\/12\/Preparer-sa-recherche-1-300x55.png 300w, https:\/\/bibliotheque.cegepgarneau.ca\/wp-content\/uploads\/2020\/12\/Preparer-sa-recherche-1-768x141.png 768w\" sizes=\"auto, (max-width: 980px) 100vw, 980px\" \/><\/p>\r\n\r\n\r\n<hr><h5>\r\nUn travail de recherche demande de la pr\u00e9paration. Dans cette section, vous trouverez des m\u00e9thodes et des outils vous permettant d\u2019avoir une vue d\u2019ensemble sur votre sujet, de choisir et d\u2019identifier le vocabulaire \u00e0 utiliser pour votre recherche.<h5><hr>\r\n<div id=\"faq-7614\" class=\"arconix-faq-wrap\"><div id=\"faq-Cernersonsujet\" class=\"arconix-faq-title faq-closed\">Cerner son sujet\u202f<\/div><div class=\"arconix-faq-content faq-closed\"><p><span data-contrast=\"auto\">E<\/span><span data-contrast=\"auto\">xemple d&#8217;un sujet :<\/span><strong> La l\u00e9galisation des drogues<\/strong><\/p>\r\n<p><span data-contrast=\"none\">Afin d\u2019<\/span><span data-contrast=\"none\">avoir une vue d\u2019ensemble<\/span><span data-contrast=\"none\"> sur votre sujet<\/span><span data-contrast=\"none\">,<\/span><span data-contrast=\"none\"> consultez :<\/span><span data-contrast=\"none\">\u202f<\/span><span data-ccp-props=\"{&quot;201341983&quot;:0,&quot;335559685&quot;:360,&quot;335559740&quot;:240}\">\u00a0<\/span><\/p>\r\n<ul>\r\n\t<li><a href=\"https:\/\/bibliotheque.cegepgarneau.ca\/index.php\/accueil\/outils-de-recherche\/atlas-dictionnaires-encyclopedies\/\"><span style=\"color: #0000ff;\"><span style=\"color: #3366ff;\">Des dictionnaires et encyclop\u00e9dies<\/span><\/span><\/a><\/li>\r\n\t<li><a href=\"https:\/\/bibliotheque.cegepgarneau.ca\/index.php\/accueil\/outils-de-recherche\/livres\/\"><span style=\"color: #000080;\"><span style=\"color: #3366ff;\">Des ouvrages g\u00e9n\u00e9raux <\/span><\/span><span style=\"color: #000080;\"><span class=\"cui-groupContainer\"><span class=\"cui-groupBody\"><span style=\"color: #0000ff;\"><span style=\"color: #3366ff;\">sur le sujet<\/span><\/span><\/span><\/span><\/span><\/a><\/li>\r\n<\/ul>\r\n<p>Les questions \u00e0 vous poser afin de bien cerner votre sujet de recherche : <span style=\"color: #3366ff;\"><a style=\"color: #3366ff;\" href=\"https:\/\/bibliotheque.cegepgarneau.ca\/wp-content\/uploads\/2021\/01\/Doc_cap1.1_qqoqcp.pdf\"><strong>Qui? Quoi? <\/strong><strong> O\u00f9? <\/strong><strong>Quand? Comment? Pourquoi?<\/strong><\/a><\/span><\/p>\r\n<p><img loading=\"lazy\" decoding=\"async\" class=\"alignnone size-full wp-image-8120\" src=\"\/wp-content\/uploads\/2020\/12\/Carte-mentale.png\" alt=\"\" width=\"900\" height=\"600\" srcset=\"https:\/\/bibliotheque.cegepgarneau.ca\/wp-content\/uploads\/2020\/12\/Carte-mentale.png 900w, https:\/\/bibliotheque.cegepgarneau.ca\/wp-content\/uploads\/2020\/12\/Carte-mentale-300x200.png 300w, https:\/\/bibliotheque.cegepgarneau.ca\/wp-content\/uploads\/2020\/12\/Carte-mentale-768x512.png 768w\" sizes=\"auto, (max-width: 900px) 100vw, 900px\" \/><\/p><\/div><\/div>\r\n<div id=\"faq-7622\" class=\"arconix-faq-wrap\"><div id=\"faq-Prparersaquestionderecherche\" class=\"arconix-faq-title faq-closed\">Pr\u00e9parer sa question de recherche<\/div><div class=\"arconix-faq-content faq-closed\"><p><iframe loading=\"lazy\" src=\"https:\/\/www.youtube.com\/embed\/s4d7SPN-qmI\" width=\"560\" height=\"315\" frameborder=\"0\" allowfullscreen=\"allowfullscreen\"><\/iframe><\/p>\n<hr \/>\n<p>Vous serez en mesure de r\u00e9diger votre question de recherche une fois que vous aurez r\u00e9pondu aux questions : <strong>Qui? Quoi? Quand? O\u00f9? Comment? Pourquoi?<\/strong> Selon votre question de recherche, vous n\u2019aurez peut-\u00eatre pas \u00e0 r\u00e9pondre \u00e0 toutes ces questions.<\/p>\n<h4><strong><img loading=\"lazy\" decoding=\"async\" class=\"alignnone size-full wp-image-8129\" src=\"https:\/\/bibliotheque.cegepgarneau.ca\/wp-content\/uploads\/2020\/12\/Drogues-et-Legalisation-11.png\" alt=\"\" width=\"900\" height=\"474\" srcset=\"https:\/\/bibliotheque.cegepgarneau.ca\/wp-content\/uploads\/2020\/12\/Drogues-et-Legalisation-11.png 900w, https:\/\/bibliotheque.cegepgarneau.ca\/wp-content\/uploads\/2020\/12\/Drogues-et-Legalisation-11-300x158.png 300w, https:\/\/bibliotheque.cegepgarneau.ca\/wp-content\/uploads\/2020\/12\/Drogues-et-Legalisation-11-768x404.png 768w\" sizes=\"auto, (max-width: 900px) 100vw, 900px\" \/><\/strong><\/h4>\n<\/div><\/div>\r\n<div id=\"faq-7625\" class=\"arconix-faq-wrap\"><div id=\"faq-Choisirsonvocabulaire\" class=\"arconix-faq-title faq-closed\">Choisir son vocabulaire<\/div><div class=\"arconix-faq-content faq-closed\"><p>\u00c0 partir de votre question de recherche, identifiez les concepts. Cela peut \u00eatre un mot (ex. cannabis) ou une expression (ex. jeunes adultes). Retenez uniquement les termes significatifs. \u00c9vitez les mots vides tels que :<\/p>\n<p>\u00b7 Le, la, les, de, \u00e0, en, du, avec, etc.<\/p>\n<p>\u00b7 Impact, effet, cons\u00e9quence, etc.<\/p>\n<p>Les outils de recherche n\u2019utilisent pas tous le m\u00eame vocabulaire d\u2019o\u00f9 l\u2019importance d\u2019enrichir son vocabulaire de recherche. Recherchez des mots-cl\u00e9s (synonymes, traductions\u2026) \u00e0 l\u2019aide de\u00a0<a href=\"https:\/\/bibliotheque.cegepgarneau.ca\/index.php\/accueil\/outils-de-recherche\/livres\/\"><span style=\"color: #3366ff;\">dictionnaires et de livres sp\u00e9cialis\u00e9s<\/span><\/a>. Pour ce faire, compl\u00e9tez un\u00a0<span style=\"color: #0000ff;\"><a href=\"https:\/\/bibliotheque.cegepgarneau.ca\/wp-content\/uploads\/2021\/02\/plan_concept.docx\"><span style=\"color: #3366ff;\">plan de concepts<\/span><\/a>.<\/span><\/p>\n<p><em><span style=\"color: #ff0000;\"><img loading=\"lazy\" decoding=\"async\" class=\"alignnone size-full wp-image-8131\" src=\"\/wp-content\/uploads\/2020\/12\/Plan-de-concepts-5.png\" alt=\"\" width=\"900\" height=\"600\" srcset=\"https:\/\/bibliotheque.cegepgarneau.ca\/wp-content\/uploads\/2020\/12\/Plan-de-concepts-5.png 900w, https:\/\/bibliotheque.cegepgarneau.ca\/wp-content\/uploads\/2020\/12\/Plan-de-concepts-5-300x200.png 300w, https:\/\/bibliotheque.cegepgarneau.ca\/wp-content\/uploads\/2020\/12\/Plan-de-concepts-5-768x512.png 768w\" sizes=\"auto, (max-width: 900px) 100vw, 900px\" \/><\/span><\/em><\/p>\n<\/div><\/div>\r\n\r\n","protected":false},"excerpt":{"rendered":"<p>Un travail de recherche demande de la pr\u00e9paration. Dans cette section, vous trouverez des m\u00e9thodes et des outils vous permettant d\u2019avoir une vue d\u2019ensemble sur votre sujet, de choisir et d\u2019identifier le vocabulaire \u00e0 utiliser pour votre recherche.<\/p>\n","protected":false},"author":1,"featured_media":0,"parent":7720,"menu_order":0,"comment_status":"closed","ping_status":"closed","template":"","meta":{"_exactmetrics_skip_tracking":false,"_exactmetrics_sitenote_active":false,"_exactmetrics_sitenote_note":"","_exactmetrics_sitenote_category":0,"footnotes":""},"class_list":["post-7598","page","type-page","status-publish","hentry"],"yoast_head":"<!-- This site is optimized with the Yoast SEO plugin v26.8 - https:\/\/yoast.com\/product\/yoast-seo-wordpress\/ -->\n<title>1 - Pr\u00e9parer sa recherche - Biblioth\u00e8que C\u00e9gep Garneau<\/title>\n<meta name=\"robots\" content=\"index, follow, max-snippet:-1, max-image-preview:large, max-video-preview:-1\" \/>\n<link rel=\"canonical\" href=\"https:\/\/bibliotheque.cegepgarneau.ca\/index.php\/accueil\/comment-chercher\/1-preparer\/\" \/>\n<meta property=\"og:locale\" content=\"fr_FR\" \/>\n<meta property=\"og:type\" content=\"article\" \/>\n<meta property=\"og:title\" content=\"1 - Pr\u00e9parer sa recherche - Biblioth\u00e8que C\u00e9gep Garneau\" \/>\n<meta property=\"og:description\" content=\"Un travail de recherche demande de la pr\u00e9paration. Dans cette section, vous trouverez des m\u00e9thodes et des outils vous permettant d\u2019avoir une vue d\u2019ensemble sur votre sujet, de choisir et d\u2019identifier le vocabulaire \u00e0 utiliser pour votre recherche.\" \/>\n<meta property=\"og:url\" content=\"https:\/\/bibliotheque.cegepgarneau.ca\/index.php\/accueil\/comment-chercher\/1-preparer\/\" \/>\n<meta property=\"og:site_name\" content=\"Biblioth\u00e8que C\u00e9gep Garneau\" \/>\n<meta property=\"article:modified_time\" content=\"2021-08-11T18:35:27+00:00\" \/>\n<meta property=\"og:image\" content=\"http:\/\/bibliotheque.cegepgarneau.ca\/wp-content\/uploads\/2020\/12\/Preparer-sa-recherche-1.png\" \/>\n<meta name=\"twitter:card\" content=\"summary_large_image\" \/>\n<meta name=\"twitter:label1\" content=\"Dur\u00e9e de lecture estim\u00e9e\" \/>\n\t<meta name=\"twitter:data1\" content=\"1 minute\" \/>\n<script type=\"application\/ld+json\" class=\"yoast-schema-graph\">{\"@context\":\"https:\/\/schema.org\",\"@graph\":[{\"@type\":\"WebPage\",\"@id\":\"https:\/\/bibliotheque.cegepgarneau.ca\/index.php\/accueil\/comment-chercher\/1-preparer\/\",\"url\":\"https:\/\/bibliotheque.cegepgarneau.ca\/index.php\/accueil\/comment-chercher\/1-preparer\/\",\"name\":\"1 - Pr\u00e9parer sa recherche - Biblioth\u00e8que C\u00e9gep Garneau\",\"isPartOf\":{\"@id\":\"https:\/\/bibliotheque.cegepgarneau.ca\/#website\"},\"primaryImageOfPage\":{\"@id\":\"https:\/\/bibliotheque.cegepgarneau.ca\/index.php\/accueil\/comment-chercher\/1-preparer\/#primaryimage\"},\"image\":{\"@id\":\"https:\/\/bibliotheque.cegepgarneau.ca\/index.php\/accueil\/comment-chercher\/1-preparer\/#primaryimage\"},\"thumbnailUrl\":\"http:\/\/bibliotheque.cegepgarneau.ca\/wp-content\/uploads\/2020\/12\/Preparer-sa-recherche-1.png\",\"datePublished\":\"2020-12-02T13:35:24+00:00\",\"dateModified\":\"2021-08-11T18:35:27+00:00\",\"breadcrumb\":{\"@id\":\"https:\/\/bibliotheque.cegepgarneau.ca\/index.php\/accueil\/comment-chercher\/1-preparer\/#breadcrumb\"},\"inLanguage\":\"fr-FR\",\"potentialAction\":[{\"@type\":\"ReadAction\",\"target\":[\"https:\/\/bibliotheque.cegepgarneau.ca\/index.php\/accueil\/comment-chercher\/1-preparer\/\"]}]},{\"@type\":\"ImageObject\",\"inLanguage\":\"fr-FR\",\"@id\":\"https:\/\/bibliotheque.cegepgarneau.ca\/index.php\/accueil\/comment-chercher\/1-preparer\/#primaryimage\",\"url\":\"http:\/\/bibliotheque.cegepgarneau.ca\/wp-content\/uploads\/2020\/12\/Preparer-sa-recherche-1.png\",\"contentUrl\":\"http:\/\/bibliotheque.cegepgarneau.ca\/wp-content\/uploads\/2020\/12\/Preparer-sa-recherche-1.png\"},{\"@type\":\"BreadcrumbList\",\"@id\":\"https:\/\/bibliotheque.cegepgarneau.ca\/index.php\/accueil\/comment-chercher\/1-preparer\/#breadcrumb\",\"itemListElement\":[{\"@type\":\"ListItem\",\"position\":1,\"name\":\"Accueil\",\"item\":\"https:\/\/bibliotheque.cegepgarneau.ca\/\"},{\"@type\":\"ListItem\",\"position\":2,\"name\":\"Faire une recherche\",\"item\":\"https:\/\/bibliotheque.cegepgarneau.ca\/index.php\/accueil\/comment-chercher\/\"},{\"@type\":\"ListItem\",\"position\":3,\"name\":\"1 &#8211; Pr\u00e9parer sa recherche\"}]},{\"@type\":\"WebSite\",\"@id\":\"https:\/\/bibliotheque.cegepgarneau.ca\/#website\",\"url\":\"https:\/\/bibliotheque.cegepgarneau.ca\/\",\"name\":\"Biblioth\u00e8que C\u00e9gep Garneau\",\"description\":\"\",\"potentialAction\":[{\"@type\":\"SearchAction\",\"target\":{\"@type\":\"EntryPoint\",\"urlTemplate\":\"https:\/\/bibliotheque.cegepgarneau.ca\/?s={search_term_string}\"},\"query-input\":{\"@type\":\"PropertyValueSpecification\",\"valueRequired\":true,\"valueName\":\"search_term_string\"}}],\"inLanguage\":\"fr-FR\"}]}<\/script>\n<!-- \/ Yoast SEO plugin. -->","yoast_head_json":{"title":"1 - Pr\u00e9parer sa recherche - Biblioth\u00e8que C\u00e9gep Garneau","robots":{"index":"index","follow":"follow","max-snippet":"max-snippet:-1","max-image-preview":"max-image-preview:large","max-video-preview":"max-video-preview:-1"},"canonical":"https:\/\/bibliotheque.cegepgarneau.ca\/index.php\/accueil\/comment-chercher\/1-preparer\/","og_locale":"fr_FR","og_type":"article","og_title":"1 - Pr\u00e9parer sa recherche - Biblioth\u00e8que C\u00e9gep Garneau","og_description":"Un travail de recherche demande de la pr\u00e9paration. Dans cette section, vous trouverez des m\u00e9thodes et des outils vous permettant d\u2019avoir une vue d\u2019ensemble sur votre sujet, de choisir et d\u2019identifier le vocabulaire \u00e0 utiliser pour votre recherche.","og_url":"https:\/\/bibliotheque.cegepgarneau.ca\/index.php\/accueil\/comment-chercher\/1-preparer\/","og_site_name":"Biblioth\u00e8que C\u00e9gep Garneau","article_modified_time":"2021-08-11T18:35:27+00:00","og_image":[{"url":"http:\/\/bibliotheque.cegepgarneau.ca\/wp-content\/uploads\/2020\/12\/Preparer-sa-recherche-1.png","type":"","width":"","height":""}],"twitter_card":"summary_large_image","twitter_misc":{"Dur\u00e9e de lecture estim\u00e9e":"1 minute"},"schema":{"@context":"https:\/\/schema.org","@graph":[{"@type":"WebPage","@id":"https:\/\/bibliotheque.cegepgarneau.ca\/index.php\/accueil\/comment-chercher\/1-preparer\/","url":"https:\/\/bibliotheque.cegepgarneau.ca\/index.php\/accueil\/comment-chercher\/1-preparer\/","name":"1 - Pr\u00e9parer sa recherche - Biblioth\u00e8que C\u00e9gep Garneau","isPartOf":{"@id":"https:\/\/bibliotheque.cegepgarneau.ca\/#website"},"primaryImageOfPage":{"@id":"https:\/\/bibliotheque.cegepgarneau.ca\/index.php\/accueil\/comment-chercher\/1-preparer\/#primaryimage"},"image":{"@id":"https:\/\/bibliotheque.cegepgarneau.ca\/index.php\/accueil\/comment-chercher\/1-preparer\/#primaryimage"},"thumbnailUrl":"http:\/\/bibliotheque.cegepgarneau.ca\/wp-content\/uploads\/2020\/12\/Preparer-sa-recherche-1.png","datePublished":"2020-12-02T13:35:24+00:00","dateModified":"2021-08-11T18:35:27+00:00","breadcrumb":{"@id":"https:\/\/bibliotheque.cegepgarneau.ca\/index.php\/accueil\/comment-chercher\/1-preparer\/#breadcrumb"},"inLanguage":"fr-FR","potentialAction":[{"@type":"ReadAction","target":["https:\/\/bibliotheque.cegepgarneau.ca\/index.php\/accueil\/comment-chercher\/1-preparer\/"]}]},{"@type":"ImageObject","inLanguage":"fr-FR","@id":"https:\/\/bibliotheque.cegepgarneau.ca\/index.php\/accueil\/comment-chercher\/1-preparer\/#primaryimage","url":"http:\/\/bibliotheque.cegepgarneau.ca\/wp-content\/uploads\/2020\/12\/Preparer-sa-recherche-1.png","contentUrl":"http:\/\/bibliotheque.cegepgarneau.ca\/wp-content\/uploads\/2020\/12\/Preparer-sa-recherche-1.png"},{"@type":"BreadcrumbList","@id":"https:\/\/bibliotheque.cegepgarneau.ca\/index.php\/accueil\/comment-chercher\/1-preparer\/#breadcrumb","itemListElement":[{"@type":"ListItem","position":1,"name":"Accueil","item":"https:\/\/bibliotheque.cegepgarneau.ca\/"},{"@type":"ListItem","position":2,"name":"Faire une recherche","item":"https:\/\/bibliotheque.cegepgarneau.ca\/index.php\/accueil\/comment-chercher\/"},{"@type":"ListItem","position":3,"name":"1 &#8211; Pr\u00e9parer sa recherche"}]},{"@type":"WebSite","@id":"https:\/\/bibliotheque.cegepgarneau.ca\/#website","url":"https:\/\/bibliotheque.cegepgarneau.ca\/","name":"Biblioth\u00e8que C\u00e9gep Garneau","description":"","potentialAction":[{"@type":"SearchAction","target":{"@type":"EntryPoint","urlTemplate":"https:\/\/bibliotheque.cegepgarneau.ca\/?s={search_term_string}"},"query-input":{"@type":"PropertyValueSpecification","valueRequired":true,"valueName":"search_term_string"}}],"inLanguage":"fr-FR"}]}},"_links":{"self":[{"href":"https:\/\/bibliotheque.cegepgarneau.ca\/index.php\/wp-json\/wp\/v2\/pages\/7598","targetHints":{"allow":["GET"]}}],"collection":[{"href":"https:\/\/bibliotheque.cegepgarneau.ca\/index.php\/wp-json\/wp\/v2\/pages"}],"about":[{"href":"https:\/\/bibliotheque.cegepgarneau.ca\/index.php\/wp-json\/wp\/v2\/types\/page"}],"author":[{"embeddable":true,"href":"https:\/\/bibliotheque.cegepgarneau.ca\/index.php\/wp-json\/wp\/v2\/users\/1"}],"replies":[{"embeddable":true,"href":"https:\/\/bibliotheque.cegepgarneau.ca\/index.php\/wp-json\/wp\/v2\/comments?post=7598"}],"version-history":[{"count":13,"href":"https:\/\/bibliotheque.cegepgarneau.ca\/index.php\/wp-json\/wp\/v2\/pages\/7598\/revisions"}],"predecessor-version":[{"id":9708,"href":"https:\/\/bibliotheque.cegepgarneau.ca\/index.php\/wp-json\/wp\/v2\/pages\/7598\/revisions\/9708"}],"up":[{"embeddable":true,"href":"https:\/\/bibliotheque.cegepgarneau.ca\/index.php\/wp-json\/wp\/v2\/pages\/7720"}],"wp:attachment":[{"href":"https:\/\/bibliotheque.cegepgarneau.ca\/index.php\/wp-json\/wp\/v2\/media?parent=7598"}],"curies":[{"name":"wp","href":"https:\/\/api.w.org\/{rel}","templated":true}]}}