{"id":4832,"date":"2019-06-26T18:11:02","date_gmt":"2019-06-26T17:11:02","guid":{"rendered":"http:\/\/cdm.cegepgarneau.ca\/?page_id=4832"},"modified":"2026-01-29T16:09:05","modified_gmt":"2026-01-29T15:09:05","slug":"livres","status":"publish","type":"page","link":"https:\/\/bibliotheque.cegepgarneau.ca\/index.php\/accueil\/outils-de-recherche\/livres\/","title":{"rendered":"Livres imprim\u00e9s et num\u00e9riques"},"content":{"rendered":"<table style=\"height: 102px; width: 79.7574%;\" width=\"643\">\n<tbody>\n<tr>\n<td style=\"border: none; width: 15.1106%; text-align: center; vertical-align: middle;\"><img loading=\"lazy\" decoding=\"async\" class=\"alignnone size-full wp-image-4839\" src=\"\/wp-content\/uploads\/2019\/06\/loupeavecfond.png\" alt=\"\" width=\"87\" height=\"89\" \/><\/td>\n<td style=\"border: none; width: 31.5398%; text-align: left; vertical-align: middle;\">\n<h2>NOS ABONNEMENTS<\/h2>\n<\/td>\n<td style=\"border: none; width: 21.166%; text-align: center; vertical-align: middle;\"><img loading=\"lazy\" decoding=\"async\" class=\"size-full wp-image-4839 alignright\" src=\"\/wp-content\/uploads\/2019\/06\/loupeavecfond.png\" alt=\"\" width=\"87\" height=\"89\" \/><\/td>\n<td style=\"border: none; width: 67.0131%; text-align: left; vertical-align: middle;\">\n<h2>SUR LE WEB<\/h2>\n<\/td>\n<\/tr>\n<\/tbody>\n<\/table>\n<table style=\"width: 80.8716%; height: 877px;\">\n<tbody>\n<tr style=\"height: 171px;\">\n<td style=\"border: none; width: 51.8846%; height: 171px; text-align: center; vertical-align: top;\" rowspan=\"5\">\n<p><a href=\"https:\/\/cairn-garneau.proxy.collecto.ca\" target=\"_blank\" rel=\"noopener noreferrer\"><img loading=\"lazy\" decoding=\"async\" class=\"alignnone wp-image-4841\" src=\"\/wp-content\/uploads\/2019\/06\/cairn.jpg\" alt=\"\" width=\"238\" height=\"65\" \/><\/a><\/p>\n<ul style=\"text-align: left;\">\n<li>Livres num\u00e9riques en sciences humaines et sociales<\/li>\n<li>Livres des collections <em>Que sais-je?<\/em> et <em>Rep\u00e8res.<\/em><\/li>\n<li>Revues scientifiques en sciences humaines et sociales<\/li>\n<li>Texte int\u00e9gral<\/li>\n<li><a href=\"https:\/\/www.youtube.com\/playlist?list=PL-QsQXn3CqdwrQqsSE-hpmBBSllTEXG3j\" target=\"_blank\" rel=\"noopener noreferrer\"><span style=\"color: #3366ff;\">Tutoriels de Cairn<\/span><\/a><\/li>\n<li><span style=\"color: #3366ff;\"><a style=\"color: #3366ff;\" href=\"https:\/\/bibliotheque.cegepgarneau.ca\/wp-content\/uploads\/2020\/10\/Fiche-Technique-CairnF.pdf\" target=\"_blank\" rel=\"noopener noreferrer\">Trucs de recherche<\/a><\/span><br \/>\n<hr \/>\n<p><a href=\"https:\/\/cyberlibris-garneau.proxy.collecto.ca\/\" target=\"_blank\" rel=\"noopener noreferrer\"><img loading=\"lazy\" decoding=\"async\" class=\"alignnone wp-image-4202 aligncenter\" src=\"\/wp-content\/uploads\/2019\/07\/scholarvox.png\" alt=\"\" width=\"220\" height=\"37\" \/><\/a><\/p>\n<\/li>\n<\/ul>\n<ul style=\"text-align: left;\">\n<li>Banque de livres num\u00e9riques<\/li>\n<li>Contenu en fran\u00e7ais et en anglais<\/li>\n<li><a href=\"https:\/\/www.youtube.com\/playlist?list=PLHC_dbFLZp1o-LrfZoCufdScHlCpXhSyU\" target=\"_blank\" rel=\"noopener noreferrer\"><span style=\"color: #3366ff;\">Tutoriels de ScholarVox<\/span><\/a><\/li>\n<\/ul>\n<\/td>\n<td style=\"border: none; width: 76.8505%; height: 171px; text-align: center; vertical-align: top;\" rowspan=\"6\">\n<p><a href=\"https:\/\/fxg.koha.collecto.ca\/\" target=\"_blank\" rel=\"noopener noreferrer\"><img loading=\"lazy\" decoding=\"async\" class=\"alignnone wp-image-5068\" src=\"\/wp-content\/uploads\/2019\/06\/KOHA-LOGO.png\" alt=\"\" width=\"212\" height=\"64\" \/><\/a><\/p>\n<ul style=\"text-align: left;\">\n<li>Collection de la biblioth\u00e8que<\/li>\n<li>Livres imprim\u00e9s, livres et p\u00e9riodiques num\u00e9riques, DVD<\/li>\n<li>Acc\u00e8s \u00e0 votre dossier (emprunts, retards, renouvellements)<\/li>\n<\/ul>\n<hr \/>\n<p><a href=\"https:\/\/classiques.uqam.ca\/\" target=\"_blank\" rel=\"noopener noreferrer\"><img loading=\"lazy\" decoding=\"async\" class=\"alignnone wp-image-4846\" src=\"\/wp-content\/uploads\/2019\/07\/classiquessciencessociales.png\" alt=\"\" width=\"235\" height=\"65\" \/><\/a><\/p>\n<ul style=\"text-align: left;\">\n<li>Banque de livres num\u00e9riques en sciences humaines et sociales<\/li>\n<li><span style=\"color: #3366ff;\"><a style=\"color: #3366ff;\" href=\"\/index.php\/accueil\/outils-de-recherche\/livres\/les-classiques-des-sciences-sociales-tutoriel\/\">Tutoriel<\/a><\/span><\/li>\n<\/ul>\n<hr \/>\n<p><a href=\"https:\/\/gallica.bnf.fr\/\" target=\"_blank\" rel=\"noopener\"><img loading=\"lazy\" decoding=\"async\" class=\"size-full wp-image-9976 aligncenter\" src=\"\/wp-content\/uploads\/2019\/07\/gallica.png\" alt=\"\" width=\"223\" height=\"51\" \/><\/a><\/p>\n<ul style=\"text-align: left;\">\n<li style=\"text-align: left;\">Biblioth\u00e8que num\u00e9rique de la Biblioth\u00e8que nationale de France (contenu multilingue)<\/li>\n<li style=\"text-align: left;\">Des millions de documents disponibles en ligne<\/li>\n<\/ul>\n<hr \/>\n<p><a href=\"https:\/\/www.gutenberg.org\/\" target=\"_blank\" rel=\"noopener noreferrer\"><img loading=\"lazy\" decoding=\"async\" class=\"alignnone wp-image-4844\" src=\"\/wp-content\/uploads\/2019\/07\/projectgutenberg.png\" alt=\"\" width=\"200\" height=\"136\" \/><\/a><\/p>\n<ul style=\"text-align: left;\">\n<li>Plus de 70 000 livres num\u00e9riques en acc\u00e8s libre<\/li>\n<li>Contenu multilingue<\/li>\n<\/ul>\n<\/td>\n<\/tr>\n<tr style=\"height: 144px;\">\n<td style=\"border: none; width: 44.4434%; vertical-align: middle; height: 171px; text-align: center;\">\u00a0<\/td>\n<\/tr>\n<\/tbody>\n<\/table>\n","protected":false},"excerpt":{"rendered":"<p>NOS ABONNEMENTS SUR LE WEB Livres num\u00e9riques en sciences humaines et sociales Livres des collections Que sais-je? et Rep\u00e8res. Revues scientifiques en sciences humaines et sociales Texte int\u00e9gral Tutoriels de Cairn Trucs de recherche Banque de livres num\u00e9riques Contenu en fran\u00e7ais et en anglais Tutoriels de ScholarVox Collection de la biblioth\u00e8que Livres imprim\u00e9s, livres et [&hellip;]<\/p>\n","protected":false},"author":1,"featured_media":0,"parent":4182,"menu_order":0,"comment_status":"closed","ping_status":"closed","template":"","meta":{"_exactmetrics_skip_tracking":false,"_exactmetrics_sitenote_active":false,"_exactmetrics_sitenote_note":"","_exactmetrics_sitenote_category":0,"footnotes":""},"class_list":["post-4832","page","type-page","status-publish","hentry"],"yoast_head":"<!-- This site is optimized with the Yoast SEO plugin v26.8 - https:\/\/yoast.com\/product\/yoast-seo-wordpress\/ -->\n<title>Livres imprim\u00e9s et num\u00e9riques - Biblioth\u00e8que C\u00e9gep Garneau<\/title>\n<meta name=\"robots\" content=\"index, follow, max-snippet:-1, max-image-preview:large, max-video-preview:-1\" \/>\n<link rel=\"canonical\" href=\"https:\/\/bibliotheque.cegepgarneau.ca\/index.php\/accueil\/outils-de-recherche\/livres\/\" \/>\n<meta property=\"og:locale\" content=\"fr_FR\" \/>\n<meta property=\"og:type\" content=\"article\" \/>\n<meta property=\"og:title\" content=\"Livres imprim\u00e9s et num\u00e9riques - Biblioth\u00e8que C\u00e9gep Garneau\" \/>\n<meta property=\"og:description\" content=\"NOS ABONNEMENTS SUR LE WEB Livres num\u00e9riques en sciences humaines et sociales Livres des collections Que sais-je? et Rep\u00e8res. Revues scientifiques en sciences humaines et sociales Texte int\u00e9gral Tutoriels de Cairn Trucs de recherche Banque de livres num\u00e9riques Contenu en fran\u00e7ais et en anglais Tutoriels de ScholarVox Collection de la biblioth\u00e8que Livres imprim\u00e9s, livres et [&hellip;]\" \/>\n<meta property=\"og:url\" content=\"https:\/\/bibliotheque.cegepgarneau.ca\/index.php\/accueil\/outils-de-recherche\/livres\/\" \/>\n<meta property=\"og:site_name\" content=\"Biblioth\u00e8que C\u00e9gep Garneau\" \/>\n<meta property=\"article:modified_time\" content=\"2026-01-29T15:09:05+00:00\" \/>\n<meta name=\"twitter:card\" content=\"summary_large_image\" \/>\n<meta name=\"twitter:label1\" content=\"Dur\u00e9e de lecture estim\u00e9e\" \/>\n\t<meta name=\"twitter:data1\" content=\"3 minutes\" \/>\n<script type=\"application\/ld+json\" class=\"yoast-schema-graph\">{\"@context\":\"https:\/\/schema.org\",\"@graph\":[{\"@type\":\"WebPage\",\"@id\":\"https:\/\/bibliotheque.cegepgarneau.ca\/index.php\/accueil\/outils-de-recherche\/livres\/\",\"url\":\"https:\/\/bibliotheque.cegepgarneau.ca\/index.php\/accueil\/outils-de-recherche\/livres\/\",\"name\":\"Livres imprim\u00e9s et num\u00e9riques - Biblioth\u00e8que C\u00e9gep Garneau\",\"isPartOf\":{\"@id\":\"https:\/\/bibliotheque.cegepgarneau.ca\/#website\"},\"datePublished\":\"2019-06-26T17:11:02+00:00\",\"dateModified\":\"2026-01-29T15:09:05+00:00\",\"breadcrumb\":{\"@id\":\"https:\/\/bibliotheque.cegepgarneau.ca\/index.php\/accueil\/outils-de-recherche\/livres\/#breadcrumb\"},\"inLanguage\":\"fr-FR\",\"potentialAction\":[{\"@type\":\"ReadAction\",\"target\":[\"https:\/\/bibliotheque.cegepgarneau.ca\/index.php\/accueil\/outils-de-recherche\/livres\/\"]}]},{\"@type\":\"BreadcrumbList\",\"@id\":\"https:\/\/bibliotheque.cegepgarneau.ca\/index.php\/accueil\/outils-de-recherche\/livres\/#breadcrumb\",\"itemListElement\":[{\"@type\":\"ListItem\",\"position\":1,\"name\":\"Accueil\",\"item\":\"https:\/\/bibliotheque.cegepgarneau.ca\/\"},{\"@type\":\"ListItem\",\"position\":2,\"name\":\"Outils de recherche\",\"item\":\"https:\/\/bibliotheque.cegepgarneau.ca\/index.php\/accueil\/outils-de-recherche\/\"},{\"@type\":\"ListItem\",\"position\":3,\"name\":\"Livres imprim\u00e9s et num\u00e9riques\"}]},{\"@type\":\"WebSite\",\"@id\":\"https:\/\/bibliotheque.cegepgarneau.ca\/#website\",\"url\":\"https:\/\/bibliotheque.cegepgarneau.ca\/\",\"name\":\"Biblioth\u00e8que C\u00e9gep Garneau\",\"description\":\"\",\"potentialAction\":[{\"@type\":\"SearchAction\",\"target\":{\"@type\":\"EntryPoint\",\"urlTemplate\":\"https:\/\/bibliotheque.cegepgarneau.ca\/?s={search_term_string}\"},\"query-input\":{\"@type\":\"PropertyValueSpecification\",\"valueRequired\":true,\"valueName\":\"search_term_string\"}}],\"inLanguage\":\"fr-FR\"}]}<\/script>\n<!-- \/ Yoast SEO plugin. -->","yoast_head_json":{"title":"Livres imprim\u00e9s et num\u00e9riques - Biblioth\u00e8que C\u00e9gep Garneau","robots":{"index":"index","follow":"follow","max-snippet":"max-snippet:-1","max-image-preview":"max-image-preview:large","max-video-preview":"max-video-preview:-1"},"canonical":"https:\/\/bibliotheque.cegepgarneau.ca\/index.php\/accueil\/outils-de-recherche\/livres\/","og_locale":"fr_FR","og_type":"article","og_title":"Livres imprim\u00e9s et num\u00e9riques - Biblioth\u00e8que C\u00e9gep Garneau","og_description":"NOS ABONNEMENTS SUR LE WEB Livres num\u00e9riques en sciences humaines et sociales Livres des collections Que sais-je? et Rep\u00e8res. Revues scientifiques en sciences humaines et sociales Texte int\u00e9gral Tutoriels de Cairn Trucs de recherche Banque de livres num\u00e9riques Contenu en fran\u00e7ais et en anglais Tutoriels de ScholarVox Collection de la biblioth\u00e8que Livres imprim\u00e9s, livres et [&hellip;]","og_url":"https:\/\/bibliotheque.cegepgarneau.ca\/index.php\/accueil\/outils-de-recherche\/livres\/","og_site_name":"Biblioth\u00e8que C\u00e9gep Garneau","article_modified_time":"2026-01-29T15:09:05+00:00","twitter_card":"summary_large_image","twitter_misc":{"Dur\u00e9e de lecture estim\u00e9e":"3 minutes"},"schema":{"@context":"https:\/\/schema.org","@graph":[{"@type":"WebPage","@id":"https:\/\/bibliotheque.cegepgarneau.ca\/index.php\/accueil\/outils-de-recherche\/livres\/","url":"https:\/\/bibliotheque.cegepgarneau.ca\/index.php\/accueil\/outils-de-recherche\/livres\/","name":"Livres imprim\u00e9s et num\u00e9riques - Biblioth\u00e8que C\u00e9gep Garneau","isPartOf":{"@id":"https:\/\/bibliotheque.cegepgarneau.ca\/#website"},"datePublished":"2019-06-26T17:11:02+00:00","dateModified":"2026-01-29T15:09:05+00:00","breadcrumb":{"@id":"https:\/\/bibliotheque.cegepgarneau.ca\/index.php\/accueil\/outils-de-recherche\/livres\/#breadcrumb"},"inLanguage":"fr-FR","potentialAction":[{"@type":"ReadAction","target":["https:\/\/bibliotheque.cegepgarneau.ca\/index.php\/accueil\/outils-de-recherche\/livres\/"]}]},{"@type":"BreadcrumbList","@id":"https:\/\/bibliotheque.cegepgarneau.ca\/index.php\/accueil\/outils-de-recherche\/livres\/#breadcrumb","itemListElement":[{"@type":"ListItem","position":1,"name":"Accueil","item":"https:\/\/bibliotheque.cegepgarneau.ca\/"},{"@type":"ListItem","position":2,"name":"Outils de recherche","item":"https:\/\/bibliotheque.cegepgarneau.ca\/index.php\/accueil\/outils-de-recherche\/"},{"@type":"ListItem","position":3,"name":"Livres imprim\u00e9s et num\u00e9riques"}]},{"@type":"WebSite","@id":"https:\/\/bibliotheque.cegepgarneau.ca\/#website","url":"https:\/\/bibliotheque.cegepgarneau.ca\/","name":"Biblioth\u00e8que C\u00e9gep Garneau","description":"","potentialAction":[{"@type":"SearchAction","target":{"@type":"EntryPoint","urlTemplate":"https:\/\/bibliotheque.cegepgarneau.ca\/?s={search_term_string}"},"query-input":{"@type":"PropertyValueSpecification","valueRequired":true,"valueName":"search_term_string"}}],"inLanguage":"fr-FR"}]}},"_links":{"self":[{"href":"https:\/\/bibliotheque.cegepgarneau.ca\/index.php\/wp-json\/wp\/v2\/pages\/4832","targetHints":{"allow":["GET"]}}],"collection":[{"href":"https:\/\/bibliotheque.cegepgarneau.ca\/index.php\/wp-json\/wp\/v2\/pages"}],"about":[{"href":"https:\/\/bibliotheque.cegepgarneau.ca\/index.php\/wp-json\/wp\/v2\/types\/page"}],"author":[{"embeddable":true,"href":"https:\/\/bibliotheque.cegepgarneau.ca\/index.php\/wp-json\/wp\/v2\/users\/1"}],"replies":[{"embeddable":true,"href":"https:\/\/bibliotheque.cegepgarneau.ca\/index.php\/wp-json\/wp\/v2\/comments?post=4832"}],"version-history":[{"count":47,"href":"https:\/\/bibliotheque.cegepgarneau.ca\/index.php\/wp-json\/wp\/v2\/pages\/4832\/revisions"}],"predecessor-version":[{"id":20686,"href":"https:\/\/bibliotheque.cegepgarneau.ca\/index.php\/wp-json\/wp\/v2\/pages\/4832\/revisions\/20686"}],"up":[{"embeddable":true,"href":"https:\/\/bibliotheque.cegepgarneau.ca\/index.php\/wp-json\/wp\/v2\/pages\/4182"}],"wp:attachment":[{"href":"https:\/\/bibliotheque.cegepgarneau.ca\/index.php\/wp-json\/wp\/v2\/media?parent=4832"}],"curies":[{"name":"wp","href":"https:\/\/api.w.org\/{rel}","templated":true}]}}