{"id":4390,"date":"2019-03-14T14:16:59","date_gmt":"2019-03-14T13:16:59","guid":{"rendered":"http:\/\/cdm.cegepgarneau.ca\/?page_id=4390"},"modified":"2022-12-19T19:06:23","modified_gmt":"2022-12-19T18:06:23","slug":"collections-specifiques","status":"publish","type":"page","link":"https:\/\/bibliotheque.cegepgarneau.ca\/index.php\/accueil\/espaces-et-collections\/collections-specifiques\/","title":{"rendered":"Collections sp\u00e9cifiques"},"content":{"rendered":"\r\n<p><img loading=\"lazy\" decoding=\"async\" class=\"alignnone size-full wp-image-5650\" src=\"\/wp-content\/uploads\/2019\/08\/BD-2.png\" alt=\"\" width=\"840\" height=\"290\" srcset=\"https:\/\/bibliotheque.cegepgarneau.ca\/wp-content\/uploads\/2019\/08\/BD-2.png 840w, https:\/\/bibliotheque.cegepgarneau.ca\/wp-content\/uploads\/2019\/08\/BD-2-300x104.png 300w, https:\/\/bibliotheque.cegepgarneau.ca\/wp-content\/uploads\/2019\/08\/BD-2-768x265.png 768w\" sizes=\"auto, (max-width: 840px) 100vw, 840px\" \/><\/p>\r\n<p><strong>Bandes dessin\u00e9es et mangas<\/strong><\/p>\r\n\r\n\r\n<p>Amateurs de bandes dessin\u00e9es, la biblioth\u00e8que vous offre un vaste choix de lecture. N\u2019h\u00e9sitez pas \u00e0 venir d\u00e9couvrir les B\u00e9d\u00e9istes qu\u00e9b\u00e9cois et les autres, en provenance de diff\u00e9rents pays.\u00a0\u00a0<\/p>\r\n\r\n\r\n<p><strong>Localisation\u00a0: niveau 2000<\/strong><\/p>\r\n<hr \/>\r\n\r\n<p><strong>Cin\u00e9math\u00e8que<\/strong><\/p>\r\n\r\n\r\n<p>La cin\u00e9math\u00e8que donne acc\u00e8s gratuitement \u00e0 une collection de films de fiction (en format DVD et Blu-ray) de tous les genres (com\u00e9die, fantastique, action, suspense, biographie, etc.).<\/p>\r\n\r\n\r\n<p><strong>Localisation\u00a0: niveau 2000<\/strong><\/p>\r\n<hr \/>\r\n\r\n<p><strong>Droit<\/strong><\/p>\r\n\r\n\r\n<p>La collection juridique rassemble tous les documents sp\u00e9cialis\u00e9s sur les lois, les r\u00e8glements, la jurisprudence et la doctrine.<\/p>\r\n\r\n\r\n<p><strong>Localisation\u00a0: niveau 2000<\/strong><\/p>\r\n<hr \/>\r\n\r\n<p><strong>Le Pass\u00e9 simple<\/strong><\/p>\r\n\r\n\r\n<p>La collection\u00a0<em>Le Pass\u00e9 simple<\/em>\u00a0regroupe les documents provenant de la biblioth\u00e8que de l\u2019\u00c9cole Normale Laval, \u00e9cole qui, en 1969, fut fusionn\u00e9e \u00e0 l\u2019\u00c9cole Normale M\u00e9rici et au Coll\u00e8ge des J\u00e9suites pour devenir le C\u00e9gep Garneau.\u00a0<\/p>\r\n\r\n\r\n<p><strong>Localisation\u00a0: niveau 3000<\/strong><\/p>\r\n<hr \/>\r\n\r\n<p><strong>Livres rares<\/strong><\/p>\r\n\r\n\r\n<p>La collection de livres rares contient des livres \u00e9trangers publi\u00e9s avant 1880 et des documents imprim\u00e9s au Qu\u00e9bec avant 1968, ann\u00e9e de l&#8217;entr\u00e9e en vigueur du d\u00e9p\u00f4t l\u00e9gal. Ces documents peuvent \u00eatre consult\u00e9s sur place, mais seulement sur demande.<\/p>\r\n\r\n\r\n<p><strong>Localisation\u00a0: niveau 2000<\/strong><\/p>\r\n<hr \/>\r\n\r\n<p><strong>Revues et journaux sur papier<\/strong><\/p>\r\n\r\n\r\n<p>Les revues et les journaux les plus r\u00e9cents sont class\u00e9s en ordre alphab\u00e9tique dans la zone Actualit\u00e9s. La biblioth\u00e8que poss\u00e8de une vaste collection de p\u00e9riodiques sur tous les sujets : arts, lettres, sciences, actualit\u00e9, philosophie, sports et loisirs, histoire, etc. Le dernier num\u00e9ro re\u00e7u se consulte sur place seulement. Tous les autres peuvent \u00eatre emprunt\u00e9s pour une dur\u00e9e de 3 semaines. Quant aux journaux en format papier, ils sont conserv\u00e9s, sous la tablette des pr\u00e9sentoirs, pendant 3 semaines.<\/p>\r\n\r\n\r\n<p><strong>Localisation\u00a0: niveau 2000<\/strong><\/p>\r\n<hr \/>\r\n\r\n<p>Les revues en format papier des ann\u00e9es ant\u00e9rieures sont class\u00e9es au 2e \u00e9tage, en ordre alphab\u00e9tique. L\u2019usager peut aussi les emprunter pour 3 semaines.<\/p>\r\n\r\n\r\n<p><strong>Localisation\u00a0: niveau 3000<\/strong><\/p>\r\n<hr \/>\r\n\r\n<p><strong>R\u00e9serves de cours<\/strong><\/p>\r\n\r\n\r\n<p>La r\u00e9serve de cours est une collection de documents s\u00e9lectionn\u00e9e par les professeurs.\u00a0 Ces documents se consultent sur place seulement. <strong><a href=\"mailto:dmakhloufi@cegepgarneau.ca\"><span style=\"color: #3366ff;\">Mettre un document \u00e0 la r\u00e9serve<\/span><\/a>.<\/strong><\/p>\r\n\r\n\r\n","protected":false},"excerpt":{"rendered":"<p>Bandes dessin\u00e9es et mangas Amateurs de bandes dessin\u00e9es, la biblioth\u00e8que vous offre un vaste choix de lecture. N\u2019h\u00e9sitez pas \u00e0 venir d\u00e9couvrir les B\u00e9d\u00e9istes qu\u00e9b\u00e9cois et les autres, en provenance de diff\u00e9rents pays.\u00a0\u00a0 Localisation\u00a0: niveau 2000 Cin\u00e9math\u00e8que La cin\u00e9math\u00e8que donne acc\u00e8s gratuitement \u00e0 une collection de films de fiction (en format DVD et Blu-ray) de [&hellip;]<\/p>\n","protected":false},"author":1,"featured_media":0,"parent":4336,"menu_order":0,"comment_status":"closed","ping_status":"closed","template":"","meta":{"_exactmetrics_skip_tracking":false,"_exactmetrics_sitenote_active":false,"_exactmetrics_sitenote_note":"","_exactmetrics_sitenote_category":0,"footnotes":""},"class_list":["post-4390","page","type-page","status-publish","hentry"],"yoast_head":"<!-- This site is optimized with the Yoast SEO plugin v26.8 - https:\/\/yoast.com\/product\/yoast-seo-wordpress\/ -->\n<title>Collections sp\u00e9cifiques - Biblioth\u00e8que C\u00e9gep Garneau<\/title>\n<meta name=\"robots\" content=\"index, follow, max-snippet:-1, max-image-preview:large, max-video-preview:-1\" \/>\n<link rel=\"canonical\" href=\"https:\/\/bibliotheque.cegepgarneau.ca\/index.php\/accueil\/espaces-et-collections\/collections-specifiques\/\" \/>\n<meta property=\"og:locale\" content=\"fr_FR\" \/>\n<meta property=\"og:type\" content=\"article\" \/>\n<meta property=\"og:title\" content=\"Collections sp\u00e9cifiques - Biblioth\u00e8que C\u00e9gep Garneau\" \/>\n<meta property=\"og:description\" content=\"Bandes dessin\u00e9es et mangas Amateurs de bandes dessin\u00e9es, la biblioth\u00e8que vous offre un vaste choix de lecture. N\u2019h\u00e9sitez pas \u00e0 venir d\u00e9couvrir les B\u00e9d\u00e9istes qu\u00e9b\u00e9cois et les autres, en provenance de diff\u00e9rents pays.\u00a0\u00a0 Localisation\u00a0: niveau 2000 Cin\u00e9math\u00e8que La cin\u00e9math\u00e8que donne acc\u00e8s gratuitement \u00e0 une collection de films de fiction (en format DVD et Blu-ray) de [&hellip;]\" \/>\n<meta property=\"og:url\" content=\"https:\/\/bibliotheque.cegepgarneau.ca\/index.php\/accueil\/espaces-et-collections\/collections-specifiques\/\" \/>\n<meta property=\"og:site_name\" content=\"Biblioth\u00e8que C\u00e9gep Garneau\" \/>\n<meta property=\"article:modified_time\" content=\"2022-12-19T18:06:23+00:00\" \/>\n<meta name=\"twitter:card\" content=\"summary_large_image\" \/>\n<meta name=\"twitter:label1\" content=\"Dur\u00e9e de lecture estim\u00e9e\" \/>\n\t<meta name=\"twitter:data1\" content=\"2 minutes\" \/>\n<script type=\"application\/ld+json\" class=\"yoast-schema-graph\">{\"@context\":\"https:\/\/schema.org\",\"@graph\":[{\"@type\":\"WebPage\",\"@id\":\"https:\/\/bibliotheque.cegepgarneau.ca\/index.php\/accueil\/espaces-et-collections\/collections-specifiques\/\",\"url\":\"https:\/\/bibliotheque.cegepgarneau.ca\/index.php\/accueil\/espaces-et-collections\/collections-specifiques\/\",\"name\":\"Collections sp\u00e9cifiques - Biblioth\u00e8que C\u00e9gep Garneau\",\"isPartOf\":{\"@id\":\"https:\/\/bibliotheque.cegepgarneau.ca\/#website\"},\"datePublished\":\"2019-03-14T13:16:59+00:00\",\"dateModified\":\"2022-12-19T18:06:23+00:00\",\"breadcrumb\":{\"@id\":\"https:\/\/bibliotheque.cegepgarneau.ca\/index.php\/accueil\/espaces-et-collections\/collections-specifiques\/#breadcrumb\"},\"inLanguage\":\"fr-FR\",\"potentialAction\":[{\"@type\":\"ReadAction\",\"target\":[\"https:\/\/bibliotheque.cegepgarneau.ca\/index.php\/accueil\/espaces-et-collections\/collections-specifiques\/\"]}]},{\"@type\":\"BreadcrumbList\",\"@id\":\"https:\/\/bibliotheque.cegepgarneau.ca\/index.php\/accueil\/espaces-et-collections\/collections-specifiques\/#breadcrumb\",\"itemListElement\":[{\"@type\":\"ListItem\",\"position\":1,\"name\":\"Accueil\",\"item\":\"https:\/\/bibliotheque.cegepgarneau.ca\/\"},{\"@type\":\"ListItem\",\"position\":2,\"name\":\"Espaces et collections\",\"item\":\"https:\/\/bibliotheque.cegepgarneau.ca\/index.php\/accueil\/espaces-et-collections\/\"},{\"@type\":\"ListItem\",\"position\":3,\"name\":\"Collections sp\u00e9cifiques\"}]},{\"@type\":\"WebSite\",\"@id\":\"https:\/\/bibliotheque.cegepgarneau.ca\/#website\",\"url\":\"https:\/\/bibliotheque.cegepgarneau.ca\/\",\"name\":\"Biblioth\u00e8que C\u00e9gep Garneau\",\"description\":\"\",\"potentialAction\":[{\"@type\":\"SearchAction\",\"target\":{\"@type\":\"EntryPoint\",\"urlTemplate\":\"https:\/\/bibliotheque.cegepgarneau.ca\/?s={search_term_string}\"},\"query-input\":{\"@type\":\"PropertyValueSpecification\",\"valueRequired\":true,\"valueName\":\"search_term_string\"}}],\"inLanguage\":\"fr-FR\"}]}<\/script>\n<!-- \/ Yoast SEO plugin. -->","yoast_head_json":{"title":"Collections sp\u00e9cifiques - Biblioth\u00e8que C\u00e9gep Garneau","robots":{"index":"index","follow":"follow","max-snippet":"max-snippet:-1","max-image-preview":"max-image-preview:large","max-video-preview":"max-video-preview:-1"},"canonical":"https:\/\/bibliotheque.cegepgarneau.ca\/index.php\/accueil\/espaces-et-collections\/collections-specifiques\/","og_locale":"fr_FR","og_type":"article","og_title":"Collections sp\u00e9cifiques - Biblioth\u00e8que C\u00e9gep Garneau","og_description":"Bandes dessin\u00e9es et mangas Amateurs de bandes dessin\u00e9es, la biblioth\u00e8que vous offre un vaste choix de lecture. N\u2019h\u00e9sitez pas \u00e0 venir d\u00e9couvrir les B\u00e9d\u00e9istes qu\u00e9b\u00e9cois et les autres, en provenance de diff\u00e9rents pays.\u00a0\u00a0 Localisation\u00a0: niveau 2000 Cin\u00e9math\u00e8que La cin\u00e9math\u00e8que donne acc\u00e8s gratuitement \u00e0 une collection de films de fiction (en format DVD et Blu-ray) de [&hellip;]","og_url":"https:\/\/bibliotheque.cegepgarneau.ca\/index.php\/accueil\/espaces-et-collections\/collections-specifiques\/","og_site_name":"Biblioth\u00e8que C\u00e9gep Garneau","article_modified_time":"2022-12-19T18:06:23+00:00","twitter_card":"summary_large_image","twitter_misc":{"Dur\u00e9e de lecture estim\u00e9e":"2 minutes"},"schema":{"@context":"https:\/\/schema.org","@graph":[{"@type":"WebPage","@id":"https:\/\/bibliotheque.cegepgarneau.ca\/index.php\/accueil\/espaces-et-collections\/collections-specifiques\/","url":"https:\/\/bibliotheque.cegepgarneau.ca\/index.php\/accueil\/espaces-et-collections\/collections-specifiques\/","name":"Collections sp\u00e9cifiques - Biblioth\u00e8que C\u00e9gep Garneau","isPartOf":{"@id":"https:\/\/bibliotheque.cegepgarneau.ca\/#website"},"datePublished":"2019-03-14T13:16:59+00:00","dateModified":"2022-12-19T18:06:23+00:00","breadcrumb":{"@id":"https:\/\/bibliotheque.cegepgarneau.ca\/index.php\/accueil\/espaces-et-collections\/collections-specifiques\/#breadcrumb"},"inLanguage":"fr-FR","potentialAction":[{"@type":"ReadAction","target":["https:\/\/bibliotheque.cegepgarneau.ca\/index.php\/accueil\/espaces-et-collections\/collections-specifiques\/"]}]},{"@type":"BreadcrumbList","@id":"https:\/\/bibliotheque.cegepgarneau.ca\/index.php\/accueil\/espaces-et-collections\/collections-specifiques\/#breadcrumb","itemListElement":[{"@type":"ListItem","position":1,"name":"Accueil","item":"https:\/\/bibliotheque.cegepgarneau.ca\/"},{"@type":"ListItem","position":2,"name":"Espaces et collections","item":"https:\/\/bibliotheque.cegepgarneau.ca\/index.php\/accueil\/espaces-et-collections\/"},{"@type":"ListItem","position":3,"name":"Collections sp\u00e9cifiques"}]},{"@type":"WebSite","@id":"https:\/\/bibliotheque.cegepgarneau.ca\/#website","url":"https:\/\/bibliotheque.cegepgarneau.ca\/","name":"Biblioth\u00e8que C\u00e9gep Garneau","description":"","potentialAction":[{"@type":"SearchAction","target":{"@type":"EntryPoint","urlTemplate":"https:\/\/bibliotheque.cegepgarneau.ca\/?s={search_term_string}"},"query-input":{"@type":"PropertyValueSpecification","valueRequired":true,"valueName":"search_term_string"}}],"inLanguage":"fr-FR"}]}},"_links":{"self":[{"href":"https:\/\/bibliotheque.cegepgarneau.ca\/index.php\/wp-json\/wp\/v2\/pages\/4390","targetHints":{"allow":["GET"]}}],"collection":[{"href":"https:\/\/bibliotheque.cegepgarneau.ca\/index.php\/wp-json\/wp\/v2\/pages"}],"about":[{"href":"https:\/\/bibliotheque.cegepgarneau.ca\/index.php\/wp-json\/wp\/v2\/types\/page"}],"author":[{"embeddable":true,"href":"https:\/\/bibliotheque.cegepgarneau.ca\/index.php\/wp-json\/wp\/v2\/users\/1"}],"replies":[{"embeddable":true,"href":"https:\/\/bibliotheque.cegepgarneau.ca\/index.php\/wp-json\/wp\/v2\/comments?post=4390"}],"version-history":[{"count":13,"href":"https:\/\/bibliotheque.cegepgarneau.ca\/index.php\/wp-json\/wp\/v2\/pages\/4390\/revisions"}],"predecessor-version":[{"id":13203,"href":"https:\/\/bibliotheque.cegepgarneau.ca\/index.php\/wp-json\/wp\/v2\/pages\/4390\/revisions\/13203"}],"up":[{"embeddable":true,"href":"https:\/\/bibliotheque.cegepgarneau.ca\/index.php\/wp-json\/wp\/v2\/pages\/4336"}],"wp:attachment":[{"href":"https:\/\/bibliotheque.cegepgarneau.ca\/index.php\/wp-json\/wp\/v2\/media?parent=4390"}],"curies":[{"name":"wp","href":"https:\/\/api.w.org\/{rel}","templated":true}]}}