{"id":4283,"date":"2019-02-27T14:22:45","date_gmt":"2019-02-27T13:22:45","guid":{"rendered":"http:\/\/cdm.cegepgarneau.ca\/?page_id=4283"},"modified":"2024-07-02T14:55:03","modified_gmt":"2024-07-02T13:55:03","slug":"code-de-conduite","status":"publish","type":"page","link":"https:\/\/bibliotheque.cegepgarneau.ca\/index.php\/accueil\/services\/code-de-conduite\/","title":{"rendered":"Code de conduite"},"content":{"rendered":"\r\n<p>La biblioth\u00e8que du C\u00e9gep Garneau souhaite offrir \u00e0 ses usagers un milieu d\u2019\u00e9tude, de travail et de lecture o\u00f9 il est possible et facile de se concentrer. C\u2019est pourquoi le silence doit \u00eatre pr\u00e9serv\u00e9.<\/p>\r\n<p>Les usagers sont convi\u00e9s \u00e0 rester courtois envers les autres usagers ainsi qu\u2019envers le personnel de la biblioth\u00e8que et ce, en tout temps.<\/p>\r\n<p><img loading=\"lazy\" decoding=\"async\" class=\"alignnone size-full wp-image-5084\" src=\"\/wp-content\/uploads\/2019\/07\/DSC07389-2.jpg\" alt=\"\" width=\"840\" height=\"291\" srcset=\"https:\/\/bibliotheque.cegepgarneau.ca\/wp-content\/uploads\/2019\/07\/DSC07389-2.jpg 840w, https:\/\/bibliotheque.cegepgarneau.ca\/wp-content\/uploads\/2019\/07\/DSC07389-2-300x104.jpg 300w, https:\/\/bibliotheque.cegepgarneau.ca\/wp-content\/uploads\/2019\/07\/DSC07389-2-768x266.jpg 768w\" sizes=\"auto, (max-width: 840px) 100vw, 840px\" \/><\/p>\r\n<p>\r\n<\/p>\r\n<p><strong>Nourriture<\/strong><\/p>\r\n<p>\r\n<\/p>\r\n<ul>\r\n\t<li>Afin de garder les espaces communs propres, il est interdit de manger (repas chaud, froid ou m\u00eame collation) \u00e0 la biblioth\u00e8que. \r\n<\/li>\r\n\t<li>Le C\u00e9gep Garneau met \u00e0 la disposition de sa communaut\u00e9 trois caf\u00e9t\u00e9rias (pavillons A, G et H). \r\n<\/li>\r\n\t<li>Chaque usager est encourag\u00e9 \u00e0 prendre une pause et \u00e0 s\u2019y d\u00e9placer le temps d\u2019une petite collation ou d\u2019un repas complet.<\/li>\r\n<\/ul>\r\n<p>\r\n<\/p>\r\n<p><strong>Boissons<\/strong><\/p>\r\n<p>\r\n<\/p>\r\n<ul>\r\n\t<li>Seules les boissons (non alcoolis\u00e9es) dans un contenant refermable, avec couvercle \u00e9tanche, sont permises.<\/li>\r\n<\/ul>\r\n<p><strong>Cellulaires<\/strong><\/p>\r\n<p>\r\n<\/p>\r\n<ul>\r\n\t<li>Par respect, les usagers sont invit\u00e9s \u00e0 r\u00e9gler leur cellulaire en mode vibration et \u00e0 quitter les lieux pour r\u00e9pondre \u00e0 un appel afin de pr\u00e9server la qui\u00e9tude des lieux.<\/li>\r\n<\/ul>\r\n<p>\r\n<\/p>\r\n<p><strong>Documents consult\u00e9s<\/strong><\/p>\r\n<p>\r\n<\/p>\r\n<ul>\r\n\t<li>Les usagers sont pri\u00e9s de d\u00e9poser les documents consult\u00e9s sur les chariots pr\u00e9vus \u00e0 cet effet. \r\n<\/li>\r\n\t<li>Le personnel qualifi\u00e9 effectuera le reclassement des documents sur les rayons pour \u00e9viter les erreurs, car un document mal class\u00e9 est un document perdu!<\/li>\r\n<\/ul>\r\n<p>\r\n<\/p>\r\n<p><strong>Non-respect du Code de conduite<\/strong><\/p>\r\n<p>\r\n<\/p>\r\n<ul>\r\n\t<li>Les usagers qui ne respectent pas le Code de conduite seront invit\u00e9s \u00e0 quitter les lieux.<\/li>\r\n<\/ul>\r\n<p><\/p>","protected":false},"excerpt":{"rendered":"<p>La biblioth\u00e8que du C\u00e9gep Garneau souhaite offrir \u00e0 ses usagers un milieu d\u2019\u00e9tude, de travail et de lecture o\u00f9 il est possible et facile de se concentrer. C\u2019est pourquoi le silence doit \u00eatre pr\u00e9serv\u00e9. Les usagers sont convi\u00e9s \u00e0 rester courtois envers les autres usagers ainsi qu\u2019envers le personnel de la biblioth\u00e8que et ce, en [&hellip;]<\/p>\n","protected":false},"author":1,"featured_media":0,"parent":4180,"menu_order":0,"comment_status":"closed","ping_status":"closed","template":"","meta":{"_exactmetrics_skip_tracking":false,"_exactmetrics_sitenote_active":false,"_exactmetrics_sitenote_note":"","_exactmetrics_sitenote_category":0,"footnotes":""},"class_list":["post-4283","page","type-page","status-publish","hentry"],"yoast_head":"<!-- This site is optimized with the Yoast SEO plugin v26.8 - https:\/\/yoast.com\/product\/yoast-seo-wordpress\/ -->\n<title>Code de conduite - Biblioth\u00e8que C\u00e9gep Garneau<\/title>\n<meta name=\"robots\" content=\"index, follow, max-snippet:-1, max-image-preview:large, max-video-preview:-1\" \/>\n<link rel=\"canonical\" href=\"https:\/\/bibliotheque.cegepgarneau.ca\/index.php\/accueil\/services\/code-de-conduite\/\" \/>\n<meta property=\"og:locale\" content=\"fr_FR\" \/>\n<meta property=\"og:type\" content=\"article\" \/>\n<meta property=\"og:title\" content=\"Code de conduite - Biblioth\u00e8que C\u00e9gep Garneau\" \/>\n<meta property=\"og:description\" content=\"La biblioth\u00e8que du C\u00e9gep Garneau souhaite offrir \u00e0 ses usagers un milieu d\u2019\u00e9tude, de travail et de lecture o\u00f9 il est possible et facile de se concentrer. C\u2019est pourquoi le silence doit \u00eatre pr\u00e9serv\u00e9. Les usagers sont convi\u00e9s \u00e0 rester courtois envers les autres usagers ainsi qu\u2019envers le personnel de la biblioth\u00e8que et ce, en [&hellip;]\" \/>\n<meta property=\"og:url\" content=\"https:\/\/bibliotheque.cegepgarneau.ca\/index.php\/accueil\/services\/code-de-conduite\/\" \/>\n<meta property=\"og:site_name\" content=\"Biblioth\u00e8que C\u00e9gep Garneau\" \/>\n<meta property=\"article:modified_time\" content=\"2024-07-02T13:55:03+00:00\" \/>\n<meta name=\"twitter:card\" content=\"summary_large_image\" \/>\n<meta name=\"twitter:label1\" content=\"Dur\u00e9e de lecture estim\u00e9e\" \/>\n\t<meta name=\"twitter:data1\" content=\"2 minutes\" \/>\n<script type=\"application\/ld+json\" class=\"yoast-schema-graph\">{\"@context\":\"https:\/\/schema.org\",\"@graph\":[{\"@type\":\"WebPage\",\"@id\":\"https:\/\/bibliotheque.cegepgarneau.ca\/index.php\/accueil\/services\/code-de-conduite\/\",\"url\":\"https:\/\/bibliotheque.cegepgarneau.ca\/index.php\/accueil\/services\/code-de-conduite\/\",\"name\":\"Code de conduite - Biblioth\u00e8que C\u00e9gep Garneau\",\"isPartOf\":{\"@id\":\"https:\/\/bibliotheque.cegepgarneau.ca\/#website\"},\"datePublished\":\"2019-02-27T13:22:45+00:00\",\"dateModified\":\"2024-07-02T13:55:03+00:00\",\"breadcrumb\":{\"@id\":\"https:\/\/bibliotheque.cegepgarneau.ca\/index.php\/accueil\/services\/code-de-conduite\/#breadcrumb\"},\"inLanguage\":\"fr-FR\",\"potentialAction\":[{\"@type\":\"ReadAction\",\"target\":[\"https:\/\/bibliotheque.cegepgarneau.ca\/index.php\/accueil\/services\/code-de-conduite\/\"]}]},{\"@type\":\"BreadcrumbList\",\"@id\":\"https:\/\/bibliotheque.cegepgarneau.ca\/index.php\/accueil\/services\/code-de-conduite\/#breadcrumb\",\"itemListElement\":[{\"@type\":\"ListItem\",\"position\":1,\"name\":\"Accueil\",\"item\":\"https:\/\/bibliotheque.cegepgarneau.ca\/\"},{\"@type\":\"ListItem\",\"position\":2,\"name\":\"Comptoir d\u2019accueil\ufeff\",\"item\":\"https:\/\/bibliotheque.cegepgarneau.ca\/index.php\/accueil\/services\/\"},{\"@type\":\"ListItem\",\"position\":3,\"name\":\"Code de conduite\"}]},{\"@type\":\"WebSite\",\"@id\":\"https:\/\/bibliotheque.cegepgarneau.ca\/#website\",\"url\":\"https:\/\/bibliotheque.cegepgarneau.ca\/\",\"name\":\"Biblioth\u00e8que C\u00e9gep Garneau\",\"description\":\"\",\"potentialAction\":[{\"@type\":\"SearchAction\",\"target\":{\"@type\":\"EntryPoint\",\"urlTemplate\":\"https:\/\/bibliotheque.cegepgarneau.ca\/?s={search_term_string}\"},\"query-input\":{\"@type\":\"PropertyValueSpecification\",\"valueRequired\":true,\"valueName\":\"search_term_string\"}}],\"inLanguage\":\"fr-FR\"}]}<\/script>\n<!-- \/ Yoast SEO plugin. -->","yoast_head_json":{"title":"Code de conduite - Biblioth\u00e8que C\u00e9gep Garneau","robots":{"index":"index","follow":"follow","max-snippet":"max-snippet:-1","max-image-preview":"max-image-preview:large","max-video-preview":"max-video-preview:-1"},"canonical":"https:\/\/bibliotheque.cegepgarneau.ca\/index.php\/accueil\/services\/code-de-conduite\/","og_locale":"fr_FR","og_type":"article","og_title":"Code de conduite - Biblioth\u00e8que C\u00e9gep Garneau","og_description":"La biblioth\u00e8que du C\u00e9gep Garneau souhaite offrir \u00e0 ses usagers un milieu d\u2019\u00e9tude, de travail et de lecture o\u00f9 il est possible et facile de se concentrer. C\u2019est pourquoi le silence doit \u00eatre pr\u00e9serv\u00e9. Les usagers sont convi\u00e9s \u00e0 rester courtois envers les autres usagers ainsi qu\u2019envers le personnel de la biblioth\u00e8que et ce, en [&hellip;]","og_url":"https:\/\/bibliotheque.cegepgarneau.ca\/index.php\/accueil\/services\/code-de-conduite\/","og_site_name":"Biblioth\u00e8que C\u00e9gep Garneau","article_modified_time":"2024-07-02T13:55:03+00:00","twitter_card":"summary_large_image","twitter_misc":{"Dur\u00e9e de lecture estim\u00e9e":"2 minutes"},"schema":{"@context":"https:\/\/schema.org","@graph":[{"@type":"WebPage","@id":"https:\/\/bibliotheque.cegepgarneau.ca\/index.php\/accueil\/services\/code-de-conduite\/","url":"https:\/\/bibliotheque.cegepgarneau.ca\/index.php\/accueil\/services\/code-de-conduite\/","name":"Code de conduite - Biblioth\u00e8que C\u00e9gep Garneau","isPartOf":{"@id":"https:\/\/bibliotheque.cegepgarneau.ca\/#website"},"datePublished":"2019-02-27T13:22:45+00:00","dateModified":"2024-07-02T13:55:03+00:00","breadcrumb":{"@id":"https:\/\/bibliotheque.cegepgarneau.ca\/index.php\/accueil\/services\/code-de-conduite\/#breadcrumb"},"inLanguage":"fr-FR","potentialAction":[{"@type":"ReadAction","target":["https:\/\/bibliotheque.cegepgarneau.ca\/index.php\/accueil\/services\/code-de-conduite\/"]}]},{"@type":"BreadcrumbList","@id":"https:\/\/bibliotheque.cegepgarneau.ca\/index.php\/accueil\/services\/code-de-conduite\/#breadcrumb","itemListElement":[{"@type":"ListItem","position":1,"name":"Accueil","item":"https:\/\/bibliotheque.cegepgarneau.ca\/"},{"@type":"ListItem","position":2,"name":"Comptoir d\u2019accueil\ufeff","item":"https:\/\/bibliotheque.cegepgarneau.ca\/index.php\/accueil\/services\/"},{"@type":"ListItem","position":3,"name":"Code de conduite"}]},{"@type":"WebSite","@id":"https:\/\/bibliotheque.cegepgarneau.ca\/#website","url":"https:\/\/bibliotheque.cegepgarneau.ca\/","name":"Biblioth\u00e8que C\u00e9gep Garneau","description":"","potentialAction":[{"@type":"SearchAction","target":{"@type":"EntryPoint","urlTemplate":"https:\/\/bibliotheque.cegepgarneau.ca\/?s={search_term_string}"},"query-input":{"@type":"PropertyValueSpecification","valueRequired":true,"valueName":"search_term_string"}}],"inLanguage":"fr-FR"}]}},"_links":{"self":[{"href":"https:\/\/bibliotheque.cegepgarneau.ca\/index.php\/wp-json\/wp\/v2\/pages\/4283","targetHints":{"allow":["GET"]}}],"collection":[{"href":"https:\/\/bibliotheque.cegepgarneau.ca\/index.php\/wp-json\/wp\/v2\/pages"}],"about":[{"href":"https:\/\/bibliotheque.cegepgarneau.ca\/index.php\/wp-json\/wp\/v2\/types\/page"}],"author":[{"embeddable":true,"href":"https:\/\/bibliotheque.cegepgarneau.ca\/index.php\/wp-json\/wp\/v2\/users\/1"}],"replies":[{"embeddable":true,"href":"https:\/\/bibliotheque.cegepgarneau.ca\/index.php\/wp-json\/wp\/v2\/comments?post=4283"}],"version-history":[{"count":25,"href":"https:\/\/bibliotheque.cegepgarneau.ca\/index.php\/wp-json\/wp\/v2\/pages\/4283\/revisions"}],"predecessor-version":[{"id":12762,"href":"https:\/\/bibliotheque.cegepgarneau.ca\/index.php\/wp-json\/wp\/v2\/pages\/4283\/revisions\/12762"}],"up":[{"embeddable":true,"href":"https:\/\/bibliotheque.cegepgarneau.ca\/index.php\/wp-json\/wp\/v2\/pages\/4180"}],"wp:attachment":[{"href":"https:\/\/bibliotheque.cegepgarneau.ca\/index.php\/wp-json\/wp\/v2\/media?parent=4283"}],"curies":[{"name":"wp","href":"https:\/\/api.w.org\/{rel}","templated":true}]}}