{"id":4180,"date":"2018-11-08T19:01:30","date_gmt":"2018-11-08T18:01:30","guid":{"rendered":"http:\/\/cdm.cegepgarneau.ca\/?page_id=4180"},"modified":"2023-10-05T15:44:07","modified_gmt":"2023-10-05T14:44:07","slug":"services","status":"publish","type":"page","link":"https:\/\/bibliotheque.cegepgarneau.ca\/index.php\/accueil\/services\/","title":{"rendered":"Comptoir d\u2019accueil\ufeff"},"content":{"rendered":"\r\n<figure class=\"wp-block-image\"><img loading=\"lazy\" decoding=\"async\" width=\"842\" height=\"289\" class=\"wp-image-4324\" src=\"\/wp-content\/uploads\/2019\/03\/Accueil.jpg\" alt=\"\" srcset=\"https:\/\/bibliotheque.cegepgarneau.ca\/wp-content\/uploads\/2019\/03\/Accueil.jpg 842w, https:\/\/bibliotheque.cegepgarneau.ca\/wp-content\/uploads\/2019\/03\/Accueil-300x103.jpg 300w, https:\/\/bibliotheque.cegepgarneau.ca\/wp-content\/uploads\/2019\/03\/Accueil-768x264.jpg 768w\" sizes=\"auto, (max-width: 842px) 100vw, 842px\" \/><\/figure>\r\n\r\n<p>Le comptoir d\u2019accueil est situ\u00e9 au rez-de-chauss\u00e9e de la biblioth\u00e8que. Un personnel qualifi\u00e9 vous y attend et r\u00e9pond \u00e0 vos questions ou vous dirige vers les bonnes ressources. Adressez-vous \u00e0 l&#8217;accueil pour :<\/p>\r\n<ul>\r\n\t<li>Emprunter, renouveler et r\u00e9server des documents (carte obligatoire).<\/li>\r\n\t<li>R\u00e9cup\u00e9rer des documents r\u00e9serv\u00e9s.<\/li>\r\n\t<li>D\u00e9clarer des documents perdus ou endommag\u00e9s.<\/li>\r\n<\/ul>\r\n<p>D\u00e9posez les documents \u00e0 retourner directement dans la chute \u00e0 livres situ\u00e9e au bout du comptoir d&#8217;accueil.<\/p>","protected":false},"excerpt":{"rendered":"<p>Le comptoir d\u2019accueil est situ\u00e9 au rez-de-chauss\u00e9e de la biblioth\u00e8que. Un personnel qualifi\u00e9 vous y attend et r\u00e9pond \u00e0 vos questions ou vous dirige vers les bonnes ressources. Adressez-vous \u00e0 l&#8217;accueil pour : Emprunter, renouveler et r\u00e9server des documents (carte obligatoire). R\u00e9cup\u00e9rer des documents r\u00e9serv\u00e9s. D\u00e9clarer des documents perdus ou endommag\u00e9s. D\u00e9posez les documents \u00e0 [&hellip;]<\/p>\n","protected":false},"author":1,"featured_media":0,"parent":134,"menu_order":0,"comment_status":"closed","ping_status":"closed","template":"","meta":{"_exactmetrics_skip_tracking":false,"_exactmetrics_sitenote_active":false,"_exactmetrics_sitenote_note":"","_exactmetrics_sitenote_category":0,"footnotes":""},"class_list":["post-4180","page","type-page","status-publish","hentry"],"yoast_head":"<!-- This site is optimized with the Yoast SEO plugin v26.8 - https:\/\/yoast.com\/product\/yoast-seo-wordpress\/ -->\n<title>Comptoir d\u2019accueil\ufeff - Biblioth\u00e8que C\u00e9gep Garneau<\/title>\n<meta name=\"robots\" content=\"index, follow, max-snippet:-1, max-image-preview:large, max-video-preview:-1\" \/>\n<link rel=\"canonical\" href=\"https:\/\/bibliotheque.cegepgarneau.ca\/index.php\/accueil\/services\/\" \/>\n<meta property=\"og:locale\" content=\"fr_FR\" \/>\n<meta property=\"og:type\" content=\"article\" \/>\n<meta property=\"og:title\" content=\"Comptoir d\u2019accueil\ufeff - Biblioth\u00e8que C\u00e9gep Garneau\" \/>\n<meta property=\"og:description\" content=\"Le comptoir d\u2019accueil est situ\u00e9 au rez-de-chauss\u00e9e de la biblioth\u00e8que. Un personnel qualifi\u00e9 vous y attend et r\u00e9pond \u00e0 vos questions ou vous dirige vers les bonnes ressources. Adressez-vous \u00e0 l&#8217;accueil pour : Emprunter, renouveler et r\u00e9server des documents (carte obligatoire). R\u00e9cup\u00e9rer des documents r\u00e9serv\u00e9s. D\u00e9clarer des documents perdus ou endommag\u00e9s. D\u00e9posez les documents \u00e0 [&hellip;]\" \/>\n<meta property=\"og:url\" content=\"https:\/\/bibliotheque.cegepgarneau.ca\/index.php\/accueil\/services\/\" \/>\n<meta property=\"og:site_name\" content=\"Biblioth\u00e8que C\u00e9gep Garneau\" \/>\n<meta property=\"article:modified_time\" content=\"2023-10-05T14:44:07+00:00\" \/>\n<meta name=\"twitter:card\" content=\"summary_large_image\" \/>\n<meta name=\"twitter:label1\" content=\"Dur\u00e9e de lecture estim\u00e9e\" \/>\n\t<meta name=\"twitter:data1\" content=\"1 minute\" \/>\n<script type=\"application\/ld+json\" class=\"yoast-schema-graph\">{\"@context\":\"https:\/\/schema.org\",\"@graph\":[{\"@type\":\"WebPage\",\"@id\":\"https:\/\/bibliotheque.cegepgarneau.ca\/index.php\/accueil\/services\/\",\"url\":\"https:\/\/bibliotheque.cegepgarneau.ca\/index.php\/accueil\/services\/\",\"name\":\"Comptoir d\u2019accueil\ufeff - Biblioth\u00e8que C\u00e9gep Garneau\",\"isPartOf\":{\"@id\":\"https:\/\/bibliotheque.cegepgarneau.ca\/#website\"},\"datePublished\":\"2018-11-08T18:01:30+00:00\",\"dateModified\":\"2023-10-05T14:44:07+00:00\",\"breadcrumb\":{\"@id\":\"https:\/\/bibliotheque.cegepgarneau.ca\/index.php\/accueil\/services\/#breadcrumb\"},\"inLanguage\":\"fr-FR\",\"potentialAction\":[{\"@type\":\"ReadAction\",\"target\":[\"https:\/\/bibliotheque.cegepgarneau.ca\/index.php\/accueil\/services\/\"]}]},{\"@type\":\"BreadcrumbList\",\"@id\":\"https:\/\/bibliotheque.cegepgarneau.ca\/index.php\/accueil\/services\/#breadcrumb\",\"itemListElement\":[{\"@type\":\"ListItem\",\"position\":1,\"name\":\"Accueil\",\"item\":\"https:\/\/bibliotheque.cegepgarneau.ca\/\"},{\"@type\":\"ListItem\",\"position\":2,\"name\":\"Comptoir d\u2019accueil\ufeff\"}]},{\"@type\":\"WebSite\",\"@id\":\"https:\/\/bibliotheque.cegepgarneau.ca\/#website\",\"url\":\"https:\/\/bibliotheque.cegepgarneau.ca\/\",\"name\":\"Biblioth\u00e8que C\u00e9gep Garneau\",\"description\":\"\",\"potentialAction\":[{\"@type\":\"SearchAction\",\"target\":{\"@type\":\"EntryPoint\",\"urlTemplate\":\"https:\/\/bibliotheque.cegepgarneau.ca\/?s={search_term_string}\"},\"query-input\":{\"@type\":\"PropertyValueSpecification\",\"valueRequired\":true,\"valueName\":\"search_term_string\"}}],\"inLanguage\":\"fr-FR\"}]}<\/script>\n<!-- \/ Yoast SEO plugin. -->","yoast_head_json":{"title":"Comptoir d\u2019accueil\ufeff - Biblioth\u00e8que C\u00e9gep Garneau","robots":{"index":"index","follow":"follow","max-snippet":"max-snippet:-1","max-image-preview":"max-image-preview:large","max-video-preview":"max-video-preview:-1"},"canonical":"https:\/\/bibliotheque.cegepgarneau.ca\/index.php\/accueil\/services\/","og_locale":"fr_FR","og_type":"article","og_title":"Comptoir d\u2019accueil\ufeff - Biblioth\u00e8que C\u00e9gep Garneau","og_description":"Le comptoir d\u2019accueil est situ\u00e9 au rez-de-chauss\u00e9e de la biblioth\u00e8que. Un personnel qualifi\u00e9 vous y attend et r\u00e9pond \u00e0 vos questions ou vous dirige vers les bonnes ressources. Adressez-vous \u00e0 l&#8217;accueil pour : Emprunter, renouveler et r\u00e9server des documents (carte obligatoire). R\u00e9cup\u00e9rer des documents r\u00e9serv\u00e9s. D\u00e9clarer des documents perdus ou endommag\u00e9s. D\u00e9posez les documents \u00e0 [&hellip;]","og_url":"https:\/\/bibliotheque.cegepgarneau.ca\/index.php\/accueil\/services\/","og_site_name":"Biblioth\u00e8que C\u00e9gep Garneau","article_modified_time":"2023-10-05T14:44:07+00:00","twitter_card":"summary_large_image","twitter_misc":{"Dur\u00e9e de lecture estim\u00e9e":"1 minute"},"schema":{"@context":"https:\/\/schema.org","@graph":[{"@type":"WebPage","@id":"https:\/\/bibliotheque.cegepgarneau.ca\/index.php\/accueil\/services\/","url":"https:\/\/bibliotheque.cegepgarneau.ca\/index.php\/accueil\/services\/","name":"Comptoir d\u2019accueil\ufeff - Biblioth\u00e8que C\u00e9gep Garneau","isPartOf":{"@id":"https:\/\/bibliotheque.cegepgarneau.ca\/#website"},"datePublished":"2018-11-08T18:01:30+00:00","dateModified":"2023-10-05T14:44:07+00:00","breadcrumb":{"@id":"https:\/\/bibliotheque.cegepgarneau.ca\/index.php\/accueil\/services\/#breadcrumb"},"inLanguage":"fr-FR","potentialAction":[{"@type":"ReadAction","target":["https:\/\/bibliotheque.cegepgarneau.ca\/index.php\/accueil\/services\/"]}]},{"@type":"BreadcrumbList","@id":"https:\/\/bibliotheque.cegepgarneau.ca\/index.php\/accueil\/services\/#breadcrumb","itemListElement":[{"@type":"ListItem","position":1,"name":"Accueil","item":"https:\/\/bibliotheque.cegepgarneau.ca\/"},{"@type":"ListItem","position":2,"name":"Comptoir d\u2019accueil\ufeff"}]},{"@type":"WebSite","@id":"https:\/\/bibliotheque.cegepgarneau.ca\/#website","url":"https:\/\/bibliotheque.cegepgarneau.ca\/","name":"Biblioth\u00e8que C\u00e9gep Garneau","description":"","potentialAction":[{"@type":"SearchAction","target":{"@type":"EntryPoint","urlTemplate":"https:\/\/bibliotheque.cegepgarneau.ca\/?s={search_term_string}"},"query-input":{"@type":"PropertyValueSpecification","valueRequired":true,"valueName":"search_term_string"}}],"inLanguage":"fr-FR"}]}},"_links":{"self":[{"href":"https:\/\/bibliotheque.cegepgarneau.ca\/index.php\/wp-json\/wp\/v2\/pages\/4180","targetHints":{"allow":["GET"]}}],"collection":[{"href":"https:\/\/bibliotheque.cegepgarneau.ca\/index.php\/wp-json\/wp\/v2\/pages"}],"about":[{"href":"https:\/\/bibliotheque.cegepgarneau.ca\/index.php\/wp-json\/wp\/v2\/types\/page"}],"author":[{"embeddable":true,"href":"https:\/\/bibliotheque.cegepgarneau.ca\/index.php\/wp-json\/wp\/v2\/users\/1"}],"replies":[{"embeddable":true,"href":"https:\/\/bibliotheque.cegepgarneau.ca\/index.php\/wp-json\/wp\/v2\/comments?post=4180"}],"version-history":[{"count":40,"href":"https:\/\/bibliotheque.cegepgarneau.ca\/index.php\/wp-json\/wp\/v2\/pages\/4180\/revisions"}],"predecessor-version":[{"id":14991,"href":"https:\/\/bibliotheque.cegepgarneau.ca\/index.php\/wp-json\/wp\/v2\/pages\/4180\/revisions\/14991"}],"up":[{"embeddable":true,"href":"https:\/\/bibliotheque.cegepgarneau.ca\/index.php\/wp-json\/wp\/v2\/pages\/134"}],"wp:attachment":[{"href":"https:\/\/bibliotheque.cegepgarneau.ca\/index.php\/wp-json\/wp\/v2\/media?parent=4180"}],"curies":[{"name":"wp","href":"https:\/\/api.w.org\/{rel}","templated":true}]}}